In base 13, what is 6 + -4007b?
-40075
In base 16, what is 4 - 52831?
-5282d
In base 5, what is 404401 - -10?
404411
In base 7, what is 0 + -60015?
-60015
In base 13, what is 390 - -3014?
33a4
In base 5, what is -13 - -102244221?
102244203
In base 6, what is 13 + 13132323?
13132340
In base 9, what is -20 - -3073?
3053
In base 15, what is 244 + 394?
5d8
In base 4, what is -2301031 - -13?
-2301012
In base 6, what is -101 - 51?
-152
In base 12, what is -27 - -a45?
a1a
In base 12, what is -3 + -86?
-89
In base 9, what is 53146 - -2?
53148
In base 8, what is 7741 - 57?
7662
In base 13, what is 256c - -252?
27c1
In base 9, what is 87 - -2281?
2378
In base 2, what is -10001110 + -101000001000?
-101010010110
In base 11, what is 6701 + -1?
6700
In base 10, what is -20 - -383?
363
In base 11, what is 3 + 18323?
18326
In base 9, what is 36 + -626?
-580
In base 5, what is -1111342 + -133?
-1112030
In base 2, what is 1001 + 10101000111110010?
10101000111111011
In base 7, what is -1 + 450454?
450453
In base 4, what is 1002320 + 2?
1002322
In base 2, what is -100 - 1111101101010111100?
-1111101101011000000
In base 4, what is 100213 + -2?
100211
In base 11, what is -1 + 57433?
57432
In base 9, what is -232 + -5350?
-5582
In base 6, what is -1 - 241541?
-241542
In base 4, what is 12100230 - 3?
12100221
In base 13, what is 3727 + 14?
373b
In base 12, what is 3 + 921a5?
921a8
In base 4, what is -1213 + -133020?
-200233
In base 14, what is -1 - 1ac8?
-1ac9
In base 11, what is 3 + 117452?
117455
In base 7, what is 200 - 3236?
-3036
In base 7, what is 10001 - 1104?
5564
In base 6, what is 13212450 - 0?
13212450
In base 3, what is 2 - 20220221100?
-20220221021
In base 10, what is -596267 - -4?
-596263
In base 2, what is 11000100110 + -11?
11000100011
In base 8, what is -3451 + -64?
-3535
In base 4, what is 102322 - -1021?
110003
In base 12, what is -6 - -1b6720?
1b6716
In base 6, what is 2045 + 2304?
4353
In base 13, what is -4 - -246bc?
246b8
In base 16, what is -3e + 248?
20a
In base 3, what is -12 + 20000021?
20000002
In base 4, what is -23302120 - -333?
-23301121
In base 4, what is 22 - -10133?
10221
In base 15, what is -160 - 6?
-166
In base 13, what is -18 - 210b?
-2126
In base 15, what is -6 + b26?
b20
In base 15, what is -2 - 5345?
-5347
In base 15, what is -2eea3 - -3?
-2eea0
In base 7, what is -15256 - 40?
-15326
In base 14, what is -2aa + 74?
-236
In base 15, what is -10d3d - 2?
-10d40
In base 6, what is -1 + -11144051?
-11144052
In base 12, what is -16 + -23356?
-23370
In base 7, what is 50335 - -2?
50340
In base 3, what is 221001122 - -1?
221001200
In base 5, what is -204 - 241042?
-241301
In base 5, what is -22314031 - 3?
-22314034
In base 7, what is 4446001 - 10?
4445661
In base 10, what is -8953 + -8?
-8961
In base 12, what is -1670360 + 1?
-167035b
In base 9, what is -6814 - 255?
-7170
In base 13, what is 5b9a + -13?
5b87
In base 9, what is -178 + -63?
-252
In base 9, what is -516 - 222?
-738
In base 2, what is 111011001101000 - 1010?
111011001011110
In base 12, what is 95 + 717?
7b0
In base 10, what is -4 + -18642?
-18646
In base 10, what is -2261291 - -2?
-2261289
In base 15, what is -acc6 + -50?
-ad26
In base 3, what is -1110210010 - 0?
-1110210010
In base 7, what is -104 - 615?
-1022
In base 10, what is -4 - 23895?
-23899
In base 11, what is -2 + -a342?
-a344
In base 16, what is -22 - 41b?
-43d
In base 3, what is -200212012 + -21010?
-201010022
In base 5, what is 10 - -1020003?
1020013
In base 16, what is 6edcf + -2?
6edcd
In base 13, what is 5ab7b + 2?
5ab80
In base 3, what is -1100011101 + -2?
-1100011110
In base 15, what is 10 - 13d1?
-13c1
In base 16, what is -1166e + -3?
-11671
In base 3, what is 111212102 - 2112?
111202220
In base 10, what is -271 + 96?
-175
In base 4, what is -2023012 - 20?
-2023032
In base 15, what is -132d82 - 3?
-132d85
In base 6, what is 3 - 1010523?
-1010520
In base 14, what is 13d9 - -4?
13dd
In base 10, what is 101045 - 22?
101023
In base 9, what is -21554 - -1?
-21553
In base 6, what is -13404 - -22?
-13342
In base 16, what is 186d12 + 3?
186d15
In base 8, what is -16722 - 45?
-16767
In base 5, what is 12204 - -33?
12242
In base 3, what is 2 + -120122021?
-120122012
In base 15, what is 1818d + -2?
1818b
In base 10, what is -1 - 8161?
-8162
In base 12, what is 7b - -42b?
4aa
In base 2, what is -11 - 11010010010111?
-11010010011010
In base 15, what is 1441 + -46?
13ea
In base 7, what is -2654 - -4?
-2650
In base 4, what is -10313 - -111?
-10202
In base 13, what is -5 - -406c?
4067
In base 11, what is 31a + -a2?
228
In base 14, what is -2 + 25d89?
25d87
In base 11, what is -167 + -5?
-171
In base 4, what is -33 - 32201?
-32300
In base 3, what is 111 - -101012220010?
101012220121
In base 7, what is 10402 - -625?
11330
In base 7, what is 5 - -25532?
25540
In base 11, what is 297 + 100?
397
In base 5, what is -2231012 - -1220?
-2224242
In base 13, what is -7 + -25599?
-255a3
In base 9, what is -1235353 - -3?
-1235350
In base 12, what is 14 + -56a?
-556
In base 15, what is 0 + 3b96?
3b96
In base 13, what is -59c77 + b?
-59c69
In base 10, what is -3 + 3792?
3789
In base 10, what is 4986 - -214?
5200
In base 7, what is -323500 + -40?
-323540
In base 5, what is 1134 + 112211?
113400
In base 8, what is -52371047 + 0?
-52371047
In base 13, what is 1 - 552b3?
-552b2
In base 4, what is -1330 + 1310310?
1302320
In base 6, what is 140253 - 144?
140105
In base 12, what is -42876 - 27?
-428a1
In base 3, what is 2 + -112212200?
-112212121
In base 9, what is -218 + 50?
-158
In base 9, what is 0 + -1683251?
-1683251
In base 9, what is -383 + 15?
-367
In base 14, what is d - 1bd2?
-1bc3
In base 10, what is -3 + 25416?
25413
In base 14, what is -34d - -47?
-306
In base 12, what is -1654 - 312?
-1966
In base 12, what is -7004 - -a8?
-6b18
In base 5, what is 2441 + 4011?
12002
In base 15, what is 91b5 - -17?
91cc
In base 15, what is 44831 - 5?
4482b
In base 14, what is 1c - 2c61d?
-2c601
In base 2, what is -11 + 10111001110001011?
10111001110001000
In base 15, what is bc2dd + -4?
bc2d9
In base 5, what is 403114 + 2?
403121
In base 14, what is -4393 - -2?
-4391
In base 10, what is -1212 - -21?
-1191
In base 13, what is 113 + 143a?
1550
In base 12, what is 123a6 - 3?
123a3
In base 3, what is -110 - 1112102?
-1112212
In base 10, what is 4 + 91496?
91500
In base 7, what is -5 + -22244?
-22252
In base 7, what is 5535 + -11?
5524
In base 9, what is 2458 - -62?
2531
In base 9, what is -2 + -34173?
-34175
In base 8, what is -1010477 - -3?
-1010474
In base 16, what is 1c - -58a?
5a6
In base 16, what is -7 - -53e7?
53e0
In base 5, what is 1 + 142213?
142214
In base 15, what is 15dd - 1?
15dc
In base 3, what is -202021 + -12010?
-221101
In base 2, what is -11110111 - 1100011010?
-10000010001
In base 14, what is -2190 - -3?
-218b
In base 5, what is 2341202011 - -2?
2341202013
In base 12, what is b - -1598?
15a7
In base 15, what is 147 - -4e?
196
In base 16, what is 3f86c + -3?
3f869
In base 13, what is -b6a - -15?
-b55
In base 3, what is -10010110121 - 11?
-10010110202
In base 13, what is 9 + ba411?
ba41a
In base 12, what is -a2 - 27?
-109
In base 3, what is -20102201 - 11000?
-20120201
In base 14, what is 3 + 1d60?
1d63
In base 3, what is -20 + 200102120112?
200102120022
In base 7, what is -131421 + -2?
-131423
In base 10, what is 2066 - -131?
2197
In base 13, what is 1243 - -6c8?
193b
In base 10, what is 3 + -51282?
-51279
In base 8, what is 5145163 - -2?
5145165
In base 16, what is 4d + 166?
1b3
In base 5, what is 30214 - -434?
31203
In base 7, what is 1321414 - 3?
1321411
In base 14, what is -7 + -3c47?
-3c50
In base 5, what is 202002 + -41?
201411
In base 3, what is -12 + 111110202111?
111110202022
In base 8, what is -4 + 24277?
24273
In base 3, what is 201 + 1212111211?
1212112112
In base 12, what is -9b + 80?
-1b
In base 10, what is -2768 + -1528?
-4296
In base 7, what is 331162 + 4?
331166
In base 15, what is -8 + -9664?
-966c
In base 3, what is -121002 + -10121101?
-11012110
In base 2, what is -100111101 + 110000001101?
101011010000
In base 9, what is 82 + -118?
-26
In base 6, what is 243204 + -3?
243201
In base 5, what is 20403 + -1000?
14403
In base 5, what is -2144230 - 10?
-2144240
In base 5, what is -322244 + 10?
-322234
In base 6,